{"id":106,"date":"2019-07-16T01:40:18","date_gmt":"2019-07-16T01:40:18","guid":{"rendered":"https:\/\/francobus.ca\/?page_id=106"},"modified":"2020-02-18T23:40:53","modified_gmt":"2020-02-18T23:40:53","slug":"annulation-du-service","status":"publish","type":"page","link":"https:\/\/francobus.ca\/index.php\/annulation-du-service\/","title":{"rendered":"Annulation du service"},"content":{"rendered":"<p>[et_pb_section fb_built=&#8221;1&#8243; admin_label=&#8221;Hero section&#8221; _builder_version=&#8221;3.29.3&#8243; use_background_color_gradient=&#8221;on&#8221; background_color_gradient_start=&#8221;rgba(150,105,97,0.67)&#8221; background_color_gradient_end=&#8221;rgba(2,0,76,0.84)&#8221; background_color_gradient_overlays_image=&#8221;on&#8221; background_image=&#8221;https:\/\/francobus.ca\/wp-content\/uploads\/2020\/02\/shutterstock_1325936561-1-scaled.jpg&#8221; custom_margin=&#8221;|||&#8221; custom_padding=&#8221;2.4%||4.9%|||&#8221; hover_enabled=&#8221;0&#8243; fb_built=&#8221;1&#8243; _i=&#8221;0&#8243; _address=&#8221;0&#8243; background_position=&#8221;bottom_center&#8221;][et_pb_row _builder_version=&#8221;3.25&#8243; custom_margin=&#8221;|||&#8221; _i=&#8221;0&#8243; _address=&#8221;0.0&#8243;][et_pb_column type=&#8221;4_4&#8243; _builder_version=&#8221;3.25&#8243; custom_padding=&#8221;1px|||&#8221; padding_top=&#8221;1px&#8221; _i=&#8221;0&#8243; _address=&#8221;0.0.0&#8243; custom_padding__hover=&#8221;|||&#8221;][et_pb_text _builder_version=&#8221;3.27.4&#8243; text_font=&#8221;Lato||||||||&#8221; text_font_size=&#8221;20px&#8221; text_line_height=&#8221;1.8em&#8221; header_font=&#8221;Lato|900|||||||&#8221; header_font_size=&#8221;80px&#8221; header_letter_spacing=&#8221;2px&#8221; header_line_height=&#8221;1.2em&#8221; background_layout=&#8221;dark&#8221; custom_margin=&#8221;||40px|&#8221; animation_style=&#8221;fold&#8221; header_font_size_tablet=&#8221;46px&#8221; header_font_size_last_edited=&#8221;on|tablet&#8221; _i=&#8221;0&#8243; _address=&#8221;0.0.0.0&#8243;]<\/p>\n<h1><span>RETARDS ET ANNULATIONS<\/span><\/h1>\n<p>[\/et_pb_text][\/et_pb_column][\/et_pb_row][\/et_pb_section][et_pb_section fb_built=&#8221;1&#8243; _builder_version=&#8221;3.22&#8243; custom_padding=&#8221;54px|0px|100px|0px&#8221; fb_built=&#8221;1&#8243; _i=&#8221;1&#8243; _address=&#8221;1&#8243;][et_pb_row use_custom_gutter=&#8221;on&#8221; gutter_width=&#8221;1&#8243; _builder_version=&#8221;3.29.3&#8243; background_color=&#8221;#ffffff&#8221; background_size=&#8221;initial&#8221; background_position=&#8221;top_left&#8221; background_repeat=&#8221;repeat&#8221; max_width=&#8221;1440px&#8221; custom_margin=&#8221;-10%|||&#8221; custom_padding=&#8221;27px|0px|60px|0px||&#8221; animation_style=&#8221;slide&#8221; animation_direction=&#8221;bottom&#8221; animation_intensity_slide=&#8221;6%&#8221; animation_starting_opacity=&#8221;100%&#8221; custom_css_main_element=&#8221;border-color: #f7941e;&#8221; border_radii=&#8221;on|15px|15px|15px|15px&#8221; border_color_all=&#8221;#3c39e6&#8243; border_width_top=&#8221;18px&#8221; box_shadow_style=&#8221;preset3&#8243; box_shadow_vertical=&#8221;39px&#8221; box_shadow_blur=&#8221;80px&#8221; box_shadow_color=&#8221;rgba(0,0,0,0.1)&#8221; use_custom_width=&#8221;on&#8221; custom_width_px=&#8221;1440px&#8221; _i=&#8221;0&#8243; _address=&#8221;1.0&#8243;][et_pb_column type=&#8221;4_4&#8243; _builder_version=&#8221;3.25&#8243; custom_padding=&#8221;|40px||40px&#8221; padding_left=&#8221;40px&#8221; padding_right=&#8221;40px&#8221; _i=&#8221;0&#8243; _address=&#8221;1.0.0&#8243; custom_padding__hover=&#8221;|||&#8221;][et_pb_text _builder_version=&#8221;3.27.4&#8243; _i=&#8221;0&#8243; _address=&#8221;1.0.0.0&#8243;]<\/p>\n<h1>Annulation du transport scolaire<\/h1>\n<p>La d\u00e9cision d&#8217;annuler le transport scolaire rel\u00e8ve du gestionnaire du Service de transport Francobus en collaboration avec les transporteurs scolaires.<\/p>\n<p>Lors de l&#8217;annulation du transport, toutes les \u00e9coles restent ouvertes. Si un circuit d&#8217;autobus ou le service de transport est annul\u00e9 le matin, la d\u00e9cision reste en vigueur pour toute la journ\u00e9e ; sauf pour les jours de brouillard. Pour les jours de brouillard, le service de transport est annul\u00e9 le matin seulement. Dans de telles situations, il en revient aux parents, tuteurs, tutrices de veiller au transport de leurs enfants.<\/p>\n<p>&nbsp;<\/p>\n<h3>Modalit\u00e9s d&#8217;annulation avant le d\u00e9but de la journ\u00e9e scolaire<\/h3>\n<p>La d\u00e9cision d&#8217;annuler le transport scolaire pour causes d&#8217;intemp\u00e9ries est prise apr\u00e8s discussion avec les transporteurs et les agents de transport de diverses r\u00e9gions.<\/p>\n<p>&nbsp;<\/p>\n<h3>Modalit\u00e9s d&#8217;annulation en fin de journ\u00e9e<\/h3>\n<p>Si le temps se d\u00e9t\u00e9riore pendant la journ\u00e9e, le transport maintiendra son horaire r\u00e9gulier. La d\u00e9cision de retourner les \u00e9l\u00e8ves plus t\u00f4t \u00e0 la maison ou d&#8217;annuler le transport \u00e0 la fin de la journ\u00e9e peut \u00eatre prise par le gestionnaire du Service de transport Francobus apr\u00e8s discussion avec les transporteurs.<\/p>\n<p>Advenant cette d\u00e9cision de dernier recours, les directions d&#8217;\u00e9cole sont responsables de communiquer avec les parents, tuteurs ou tutrices pour les aviser soit que leur enfant quitte l&#8217;\u00e9cole plus t\u00f4t ou qu&#8217;ils doivent assurer le transport de leur enfant \u00e0 la fin de la journ\u00e9e scolaire parce qu&#8217;il n&#8217;y a pas de transport scolaire en fin de journ\u00e9e.<\/p>\n<p>&nbsp;<\/p>\n<h3>Fermeture d&#8217;\u00e9cole<\/h3>\n<p>La d\u00e9cision de fermer les \u00e9coles revient \u00e0 chacun des conseils scolaires. Si l&#8217;un des conseils scolaires d\u00e9cide de fermer une \u00e9cole, il doit aviser le gestionnaire du Service de transport Francobus qui en avisera le comit\u00e9 des op\u00e9rations du Service de transport Francobus<\/p>\n<p>[\/et_pb_text][\/et_pb_column][\/et_pb_row][\/et_pb_section]<\/p>\n","protected":false},"excerpt":{"rendered":"<p>[et_pb_section fb_built=&#8221;1&#8243; admin_label=&#8221;Hero section&#8221; _builder_version=&#8221;3.29.3&#8243; use_background_color_gradient=&#8221;on&#8221; background_color_gradient_start=&#8221;rgba(150,105,97,0.67)&#8221; background_color_gradient_end=&#8221;rgba(2,0,76,0.84)&#8221; background_color_gradient_overlays_image=&#8221;on&#8221; background_image=&#8221;https:\/\/francobus.ca\/wp-content\/uploads\/2020\/02\/shutterstock_1325936561-1-scaled.jpg&#8221; custom_margin=&#8221;|||&#8221; custom_padding=&#8221;2.4%||4.9%|||&#8221; hover_enabled=&#8221;0&#8243; fb_built=&#8221;1&#8243; _i=&#8221;0&#8243; _address=&#8221;0&#8243; background_position=&#8221;bottom_center&#8221;][et_pb_row _builder_version=&#8221;3.25&#8243; custom_margin=&#8221;|||&#8221; _i=&#8221;0&#8243; _address=&#8221;0.0&#8243;][et_pb_column type=&#8221;4_4&#8243; _builder_version=&#8221;3.25&#8243; custom_padding=&#8221;1px|||&#8221; padding_top=&#8221;1px&#8221; _i=&#8221;0&#8243; _address=&#8221;0.0.0&#8243; custom_padding__hover=&#8221;|||&#8221;][et_pb_text _builder_version=&#8221;3.27.4&#8243; text_font=&#8221;Lato||||||||&#8221; text_font_size=&#8221;20px&#8221; text_line_height=&#8221;1.8em&#8221; header_font=&#8221;Lato|900|||||||&#8221; header_font_size=&#8221;80px&#8221; header_letter_spacing=&#8221;2px&#8221; header_line_height=&#8221;1.2em&#8221; background_layout=&#8221;dark&#8221; custom_margin=&#8221;||40px|&#8221; animation_style=&#8221;fold&#8221; header_font_size_tablet=&#8221;46px&#8221; header_font_size_last_edited=&#8221;on|tablet&#8221; _i=&#8221;0&#8243; _address=&#8221;0.0.0.0&#8243;] RETARDS ET ANNULATIONS [\/et_pb_text][\/et_pb_column][\/et_pb_row][\/et_pb_section][et_pb_section fb_built=&#8221;1&#8243; _builder_version=&#8221;3.22&#8243; custom_padding=&#8221;54px|0px|100px|0px&#8221; fb_built=&#8221;1&#8243; _i=&#8221;1&#8243; _address=&#8221;1&#8243;][et_pb_row use_custom_gutter=&#8221;on&#8221; gutter_width=&#8221;1&#8243; [&hellip;]<\/p>\n","protected":false},"author":1,"featured_media":0,"parent":0,"menu_order":0,"comment_status":"closed","ping_status":"closed","template":"","meta":{"_et_pb_use_builder":"on","_et_pb_old_content":"","_et_gb_content_width":""},"_links":{"self":[{"href":"https:\/\/francobus.ca\/index.php\/wp-json\/wp\/v2\/pages\/106"}],"collection":[{"href":"https:\/\/francobus.ca\/index.php\/wp-json\/wp\/v2\/pages"}],"about":[{"href":"https:\/\/francobus.ca\/index.php\/wp-json\/wp\/v2\/types\/page"}],"author":[{"embeddable":true,"href":"https:\/\/francobus.ca\/index.php\/wp-json\/wp\/v2\/users\/1"}],"replies":[{"embeddable":true,"href":"https:\/\/francobus.ca\/index.php\/wp-json\/wp\/v2\/comments?post=106"}],"version-history":[{"count":9,"href":"https:\/\/francobus.ca\/index.php\/wp-json\/wp\/v2\/pages\/106\/revisions"}],"predecessor-version":[{"id":979,"href":"https:\/\/francobus.ca\/index.php\/wp-json\/wp\/v2\/pages\/106\/revisions\/979"}],"wp:attachment":[{"href":"https:\/\/francobus.ca\/index.php\/wp-json\/wp\/v2\/media?parent=106"}],"curies":[{"name":"wp","href":"https:\/\/api.w.org\/{rel}","templated":true}]}}

<p>[et_pb_section fb_built=&#8221;1&#8243; admin_label=&#8221;Hero section&#8221; _builder_version=&#8221;3.29.3&#8243; use_background_color_gradient=&#8221;on&#8221; background_color_gradient_start=&#8221;rgba(150,105,97,0.67)&#8221; background_color_gradient_end=&#8221;rgba(2,0,76,0.84)&#8221; background_color_gradient_overlays_image=&#8221;on&#8221; background_image=&#8221;https://francobus.ca/wp-content/uploads/2020/02/shutterstock_1325936561-1-scaled.jpg&#8221; custom_margin=&#8221;|||&#8221; custom_padding=&#8221;2.4%||4.9%|||&#8221; hover_enabled=&#8221;0&#8243; fb_built=&#8221;1&#8243; _i=&#8221;0&#8243; _address=&#8221;0&#8243; background_position=&#8221;bottom_center&#8221;][et_pb_row _builder_version=&#8221;3.25&#8243; custom_margin=&#8221;|||&#8221; _i=&#8221;0&#8243; _address=&#8221;0.0&#8243;][et_pb_column type=&#8221;4_4&#8243; _builder_version=&#8221;3.25&#8243; custom_padding=&#8221;1px|||&#8221; padding_top=&#8221;1px&#8221; _i=&#8221;0&#8243; _address=&#8221;0.0.0&#8243; custom_padding__hover=&#8221;|||&#8221;][et_pb_text _builder_version=&#8221;3.27.4&#8243; text_font=&#8221;Lato||||||||&#8221; text_font_size=&#8221;20px&#8221; text_line_height=&#8221;1.8em&#8221; header_font=&#8221;Lato|900|||||||&#8221; header_font_size=&#8221;80px&#8221; header_letter_spacing=&#8221;2px&#8221; header_line_height=&#8221;1.2em&#8221; background_layout=&#8221;dark&#8221; custom_margin=&#8221;||40px|&#8221; animation_style=&#8221;fold&#8221; header_font_size_tablet=&#8221;46px&#8221; header_font_size_last_edited=&#8221;on|tablet&#8221; _i=&#8221;0&#8243; _address=&#8221;0.0.0.0&#8243;]</p>
<h1><span>RETARDS ET ANNULATIONS</span></h1>
<p>[/et_pb_text][/et_pb_column][/et_pb_row][/et_pb_section][et_pb_section fb_built=&#8221;1&#8243; _builder_version=&#8221;3.22&#8243; custom_padding=&#8221;54px|0px|100px|0px&#8221; fb_built=&#8221;1&#8243; _i=&#8221;1&#8243; _address=&#8221;1&#8243;][et_pb_row use_custom_gutter=&#8221;on&#8221; gutter_width=&#8221;1&#8243; _builder_version=&#8221;3.29.3&#8243; background_color=&#8221;#ffffff&#8221; background_size=&#8221;initial&#8221; background_position=&#8221;top_left&#8221; background_repeat=&#8221;repeat&#8221; max_width=&#8221;1440px&#8221; custom_margin=&#8221;-10%|||&#8221; custom_padding=&#8221;27px|0px|60px|0px||&#8221; animation_style=&#8221;slide&#8221; animation_direction=&#8221;bottom&#8221; animation_intensity_slide=&#8221;6%&#8221; animation_starting_opacity=&#8221;100%&#8221; custom_css_main_element=&#8221;border-color: #f7941e;&#8221; border_radii=&#8221;on|15px|15px|15px|15px&#8221; border_color_all=&#8221;#3c39e6&#8243; border_width_top=&#8221;18px&#8221; box_shadow_style=&#8221;preset3&#8243; box_shadow_vertical=&#8221;39px&#8221; box_shadow_blur=&#8221;80px&#8221; box_shadow_color=&#8221;rgba(0,0,0,0.1)&#8221; use_custom_width=&#8221;on&#8221; custom_width_px=&#8221;1440px&#8221; _i=&#8221;0&#8243; _address=&#8221;1.0&#8243;][et_pb_column type=&#8221;4_4&#8243; _builder_version=&#8221;3.25&#8243; custom_padding=&#8221;|40px||40px&#8221; padding_left=&#8221;40px&#8221; padding_right=&#8221;40px&#8221; _i=&#8221;0&#8243; _address=&#8221;1.0.0&#8243; custom_padding__hover=&#8221;|||&#8221;][et_pb_text _builder_version=&#8221;3.27.4&#8243; _i=&#8221;0&#8243; _address=&#8221;1.0.0.0&#8243;]</p>
<h1>Annulation du transport scolaire</h1>
<p>La décision d&#8217;annuler le transport scolaire relève du gestionnaire du Service de transport Francobus en collaboration avec les transporteurs scolaires.</p>
<p>Lors de l&#8217;annulation du transport, toutes les écoles restent ouvertes. Si un circuit d&#8217;autobus ou le service de transport est annulé le matin, la décision reste en vigueur pour toute la journée ; sauf pour les jours de brouillard. Pour les jours de brouillard, le service de transport est annulé le matin seulement. Dans de telles situations, il en revient aux parents, tuteurs, tutrices de veiller au transport de leurs enfants.</p>
<p>&nbsp;</p>
<h3>Modalités d&#8217;annulation avant le début de la journée scolaire</h3>
<p>La décision d&#8217;annuler le transport scolaire pour causes d&#8217;intempéries est prise après discussion avec les transporteurs et les agents de transport de diverses régions.</p>
<p>&nbsp;</p>
<h3>Modalités d&#8217;annulation en fin de journée</h3>
<p>Si le temps se détériore pendant la journée, le transport maintiendra son horaire régulier. La décision de retourner les élèves plus tôt à la maison ou d&#8217;annuler le transport à la fin de la journée peut être prise par le gestionnaire du Service de transport Francobus après discussion avec les transporteurs.</p>
<p>Advenant cette décision de dernier recours, les directions d&#8217;école sont responsables de communiquer avec les parents, tuteurs ou tutrices pour les aviser soit que leur enfant quitte l&#8217;école plus tôt ou qu&#8217;ils doivent assurer le transport de leur enfant à la fin de la journée scolaire parce qu&#8217;il n&#8217;y a pas de transport scolaire en fin de journée.</p>
<p>&nbsp;</p>
<h3>Fermeture d&#8217;école</h3>
<p>La décision de fermer les écoles revient à chacun des conseils scolaires. Si l&#8217;un des conseils scolaires décide de fermer une école, il doit aviser le gestionnaire du Service de transport Francobus qui en avisera le comité des opérations du Service de transport Francobus</p>
<p>[/et_pb_text][/et_pb_column][/et_pb_row][/et_pb_section]</p>
