{"id":70,"date":"2019-07-16T01:03:24","date_gmt":"2019-07-16T01:03:24","guid":{"rendered":"https:\/\/francobus.ca\/?page_id=70"},"modified":"2025-09-29T17:39:08","modified_gmt":"2025-09-29T17:39:08","slug":"procedures","status":"publish","type":"page","link":"https:\/\/francobus.ca\/index.php\/procedures\/","title":{"rendered":"Proc\u00e9dures"},"content":{"rendered":"<p>[et_pb_section fb_built=&#8221;1&#8243; admin_label=&#8221;Hero section&#8221; _builder_version=&#8221;3.29.3&#8243; use_background_color_gradient=&#8221;on&#8221; background_color_gradient_start=&#8221;rgba(150,105,97,0.67)&#8221; background_color_gradient_end=&#8221;rgba(2,0,76,0.84)&#8221; background_color_gradient_overlays_image=&#8221;on&#8221; background_image=&#8221;https:\/\/francobus.ca\/wp-content\/uploads\/2020\/02\/shutterstock_314871770-scaled.jpg&#8221; custom_margin=&#8221;|||&#8221; custom_padding=&#8221;1.8%||6.5%|||&#8221;][et_pb_row _builder_version=&#8221;3.25&#8243; custom_margin=&#8221;|||&#8221;][et_pb_column type=&#8221;4_4&#8243; _builder_version=&#8221;3.25&#8243; custom_padding=&#8221;1px|||&#8221; custom_padding__hover=&#8221;|||&#8221;][et_pb_text _builder_version=&#8221;3.27.4&#8243; text_font=&#8221;Lato||||||||&#8221; text_font_size=&#8221;20px&#8221; text_line_height=&#8221;1.8em&#8221; header_font=&#8221;Lato|900|||||||&#8221; header_font_size=&#8221;80px&#8221; header_letter_spacing=&#8221;2px&#8221; header_line_height=&#8221;1.2em&#8221; background_layout=&#8221;dark&#8221; custom_margin=&#8221;||40px|&#8221; animation_style=&#8221;fold&#8221; header_font_size_tablet=&#8221;46px&#8221; header_font_size_phone=&#8221;&#8221; header_font_size_last_edited=&#8221;on|tablet&#8221;]<\/p>\n<h1>Proc\u00e9dures<\/h1>\n<p>Voici la liste des proc\u00e9dures adopt\u00e9es par le Service de transport Francobus. En cliquant sur le titre de chacune d&#8217;entre elles, il est possible d&#8217;acc\u00e9der au texte en format PDF.[\/et_pb_text][\/et_pb_column][\/et_pb_row][\/et_pb_section][et_pb_section fb_built=&#8221;1&#8243; _builder_version=&#8221;3.22&#8243; custom_padding=&#8221;54px|0px|100px|0px&#8221;][et_pb_row use_custom_gutter=&#8221;on&#8221; gutter_width=&#8221;1&#8243; _builder_version=&#8221;3.29.3&#8243; background_color=&#8221;#ffffff&#8221; background_size=&#8221;initial&#8221; background_position=&#8221;top_left&#8221; background_repeat=&#8221;repeat&#8221; max_width=&#8221;1440px&#8221; custom_margin=&#8221;-10%|auto|-10%|auto|true|&#8221; custom_padding=&#8221;30px|0px|60px|0px|false|false&#8221; animation_style=&#8221;slide&#8221; animation_direction=&#8221;bottom&#8221; animation_intensity_slide=&#8221;6%&#8221; animation_starting_opacity=&#8221;100%&#8221; custom_css_main_element=&#8221;border-color: #f7941e;&#8221; border_radii=&#8221;on|15px|15px|15px|15px&#8221; border_color_all=&#8221;#3c39e6&#8243; border_width_top=&#8221;18px&#8221; box_shadow_style=&#8221;preset3&#8243; box_shadow_vertical=&#8221;39px&#8221; box_shadow_blur=&#8221;80px&#8221; box_shadow_color=&#8221;rgba(0,0,0,0.1)&#8221; use_custom_width=&#8221;on&#8221; custom_width_px=&#8221;1440px&#8221;][et_pb_column type=&#8221;4_4&#8243; _builder_version=&#8221;3.25&#8243; custom_padding=&#8221;|40px||40px&#8221; custom_padding__hover=&#8221;|||&#8221;][et_pb_text _builder_version=&#8221;4.4.3&#8243; min_height=&#8221;1032px&#8221; hover_enabled=&#8221;0&#8243;]<\/p>\n<ul>\n<li><a href=\"https:\/\/francobus.ca\/wp-content\/uploads\/2022\/03\/Directives-transport-20212022_revise-10-mars-2022-1.pdf\" target=\"_blank\" rel=\"noopener noreferrer\">Transport directives &#8211; lev\u00e9e des mesures de sant\u00e9 et s\u00e9curit\u00e9<\/a><\/li>\n<li><a title=\"Guide de transport\" href=\"https:\/\/francobus.ca\/wp-content\/uploads\/2020\/08\/Guide-Transport-2020-2021-site-Internet.pdf\" target=\"_blank\" rel=\"noopener noreferrer\">Guide de transport<\/a><\/li>\n<li><a href=\"\/wp-content\/uploads\/2019\/08\/GT000-Index.pdf\" target=\"_blank\" rel=\"noopener noreferrer\">GT000 Index<\/a><\/li>\n<li><a href=\"\/wp-content\/uploads\/2019\/08\/GT001-Preambule_v1.pdf\" target=\"_blank\" rel=\"noopener noreferrer\">GT001 Preambule<\/a><\/li>\n<li><a href=\"\/wp-content\/uploads\/2019\/08\/GT002-Admissibilite_v1.pdf\" target=\"_blank\" rel=\"noopener noreferrer\">GT002 Admissibilit\u00e9<\/a><\/li>\n<li><a href=\"\/wp-content\/uploads\/2023\/01\/GT003-Nouvelle-demande-demande-de-changement-ou-dannulation-sept-2022.pdf\" target=\"_blank\" rel=\"noopener noreferrer\">GT003 Nouvelle demande, demande de changement ou d&#8217;annulation de transport<\/a><\/li>\n<li><a href=\"\/wp-content\/uploads\/2019\/08\/GT004-Responsabilites-de-leleve_v1.pdf\" target=\"_blank\" rel=\"noopener noreferrer\">GT004 Responsabilit\u00e9s de l&#8217;\u00e9l\u00e8ve<\/a><\/li>\n<li><a href=\"\/wp-content\/uploads\/2019\/08\/GT005-Responsabilites-du-parent-tuteur-tutrice_v1.pdf\" target=\"_blank\" rel=\"noopener noreferrer\">GT005 Responsabilit\u00e9s du parent, tuteur ou tutrice<\/a><\/li>\n<li><a href=\"\/wp-content\/uploads\/2023\/01\/GT006-Responsabilites-de-la-direction-decole-septembre-2022.pdf\" target=\"_blank\" rel=\"noopener noreferrer\">GT006 Responsabilit\u00e9s de la direction d&#8217;\u00e9cole<\/a><\/li>\n<li><a href=\"\/wp-content\/uploads\/2019\/08\/GT007-Responsabilites-des-transporteurs-et-conducteurs_v1.pdf\" target=\"_blank\" rel=\"noopener noreferrer\">GT007 Responsabilit\u00e9s des transporteurs, conducteurs ou conductrices<\/a><\/li>\n<li><a href=\"\/wp-content\/uploads\/2019\/08\/GT008-Responsabilites-du-Service-de-transport-Francobus_v1.pdf\" target=\"_blank\" rel=\"noopener noreferrer\">GT008 Responsabilit\u00e9s du Service de transport Francobus<\/a><\/li>\n<li><a href=\"\/wp-content\/uploads\/2019\/08\/GT009-Distances-de-marche-vers-larret-dautobus_v1.pdf\" target=\"_blank\" rel=\"noopener noreferrer\">GT009 Distances de marche vers l&#8217;arr\u00eat d&#8217;autobus<\/a><\/li>\n<li><a href=\"\/wp-content\/uploads\/2023\/01\/GT010-Transport-en-commun-septembre-2022.pdf\" target=\"_blank\" rel=\"noopener noreferrer\">GT010 Transport en commun<\/a><\/li>\n<li><a href=\"\/wp-content\/uploads\/2019\/08\/GT011-Transport-eleves-coop_V2.pdf\" target=\"_blank\" rel=\"noopener noreferrer\">GT011 Transport \u00e9l\u00e8ves co-op<\/a><\/li>\n<li><a href=\"\/wp-content\/uploads\/2019\/08\/GT012-Hors-zone.pdf\" target=\"_blank\" rel=\"noopener noreferrer\">GT012 Hors zone<\/a><\/li>\n<li><a href=\"\/wp-content\/uploads\/2019\/08\/GT013-Duree-du-trajet.pdf\" target=\"_blank\" rel=\"noopener noreferrer\">GT013 Dur\u00e9e du trajet<\/a><\/li>\n<li><a href=\"\/wp-content\/uploads\/2019\/08\/GT014-Adresse-alternative.pdf\" target=\"_blank\" rel=\"noopener noreferrer\">GT014 Adresse alternative<\/a><\/li>\n<li><a href=\"\/wp-content\/uploads\/2019\/08\/GT015-Embarquement-et-debarquement-des-eleves-de-maternelle-jardin-1er-et-2e.pdf\" target=\"_blank\" rel=\"noopener noreferrer\">GT015 Embarquement et d\u00e9barquement des \u00e9l\u00e8ves de maternelle, jardin, 1re et 2e ann\u00e9e<\/a><\/li>\n<li><a href=\"\/wp-content\/uploads\/2023\/01\/GT016-Arret-a-la-porte-1.pdf\" target=\"_blank\" rel=\"noopener noreferrer\">GT016 Arr\u00eat \u00e0 la porte<\/a><\/li>\n<li><a href=\"\/wp-content\/uploads\/2019\/08\/GT017-Sieges-de-courtoisie-avril-2016.pdf\" target=\"_blank\" rel=\"noopener noreferrer\">GT017 Si\u00e8ges de courtoisie<\/a><\/li>\n<li><a href=\"\/wp-content\/uploads\/2019\/08\/GT018-Garde-partagee.pdf\" target=\"_blank\" rel=\"noopener noreferrer\">GT018 Garde partag\u00e9e<\/a><\/li>\n<li><a href=\"\/wp-content\/uploads\/2019\/08\/GT019-Sieges-rehausseurs-sieges-dauto_V2.pdf\" target=\"_blank\" rel=\"noopener noreferrer\">GT019 Si\u00e8ges rehausseurs\/si\u00e8ges d&#8217;auto<\/a><\/li>\n<li><a href=\"\/wp-content\/uploads\/2025\/09\/GT020-Transport-adapte.pdf\" target=\"_blank\" rel=\"noopener noreferrer\">GT020 Transport adapt\u00e9<\/a><\/li>\n<li><a href=\"\/wp-content\/uploads\/2019\/08\/GT021-Mesures-durgence-auto-injecteur-epinephrine.pdf\" target=\"_blank\" rel=\"noopener noreferrer\">GT021 Mesures d&#8217;urgence, auto-injecteur \u00e9pin\u00e9phrine<\/a><\/li>\n<li><a href=\"\/wp-content\/uploads\/2019\/08\/GT022-Mesures-durgence-RCR_V2.pdf\" target=\"_blank\" rel=\"noopener noreferrer\">GT022 Mesures d&#8217;urgence &#8211; premiers soins &#8211; r\u00e9animation cardiorespiratoire (RCR)<\/a><\/li>\n<li><a href=\"\/wp-content\/uploads\/2019\/08\/GT023-Procedures-en-situation-d-urgence.pdf\" target=\"_blank\" rel=\"noopener noreferrer\">GT023 Proc\u00e9dure en situation d&#8217;urgence<\/a><\/li>\n<li><a href=\"\/wp-content\/uploads\/2019\/08\/GT024-Intemperies.pdf\" target=\"_blank\" rel=\"noopener noreferrer\">GT024 Intemp\u00e9ries<\/a><\/li>\n<li><a href=\"\/wp-content\/uploads\/2019\/08\/GT025-Fermeture-decole.pdf\" target=\"_blank\" rel=\"noopener noreferrer\">GT025 Fermeture d&#8217;\u00e9cole<\/a><\/li>\n<li><a href=\"\/wp-content\/uploads\/2019\/08\/GT026-Comportement-mesures-disciplinaires-et-securite.pdf\" target=\"_blank\" rel=\"noopener noreferrer\">GT026 Comportement, mesures disciplinaires et s\u00e9curit\u00e9<\/a><\/li>\n<li><a href=\"\/wp-content\/uploads\/2019\/08\/GT027-Changement-dheures-decole.pdf\" target=\"_blank\" rel=\"noopener noreferrer\">GT027 Changement d&#8217;heures d&#8217;\u00e9cole<\/a><\/li>\n<li><a href=\"\/wp-content\/uploads\/2019\/08\/GT028-Processus-dappel-a-la-decision.pdf\" target=\"_blank\" rel=\"noopener noreferrer\">GT028 Processus d&#8217;appel \u00e0 la d\u00e9cision<\/a><\/li>\n<li><a href=\"\/wp-content\/uploads\/2019\/08\/GT029-Changements-temporaires.pdf\" target=\"_blank\" rel=\"noopener noreferrer\">GT029 Changements temporaires<\/a><\/li>\n<li><a href=\"\/wp-content\/uploads\/2019\/08\/GT030-Enfant-perdu.pdf\" target=\"_blank\" rel=\"noopener noreferrer\">GT030 Enfant perdu<\/a><\/li>\n<li><a href=\"\/wp-content\/uploads\/2019\/08\/GT031-Protection-des-renseignements.pdf\" target=\"_blank\" rel=\"noopener noreferrer\">GT031 Protection des renseignements<\/a><\/li>\n<li><a href=\"\/wp-content\/uploads\/2019\/08\/GT032-Cameras-video-a-bord-de-lautobus.pdf\" target=\"_blank\" rel=\"noopener noreferrer\">GT032 Cam\u00e9ras vid\u00e9o \u00e0 bord de l&#8217;autobus<\/a><\/li>\n<li><a href=\"\/wp-content\/uploads\/2019\/08\/GT033-Programme-de-brigadiers-dieres-dautobus-scolaire.pdf\" target=\"_blank\" rel=\"noopener noreferrer\">GT033 Programme des petits brigadiers<\/a><\/li>\n<li><a href=\"\/wp-content\/uploads\/2019\/08\/GT034-Mesures-devacuation-et-de-confinement-lock-down.pdf\" target=\"_blank\" rel=\"noopener noreferrer\">GT034 Mesures d&#8217;\u00e9vacuation et de confinement (lock down)<\/a><\/li>\n<li><a href=\"\/wp-content\/uploads\/2019\/08\/GT035-Interruption-du-service-de-transport-scolaire.pdf\" target=\"_blank\" rel=\"noopener noreferrer\">GT035 Interruption du service de transport scolaire<\/a><\/li>\n<li><a href=\"\/wp-content\/uploads\/2019\/08\/GT036-Transport-dequipement-et-ou-deffets-personnels-a-bord-de-lautobus.pdf\" target=\"_blank\" rel=\"noopener noreferrer\">GT036 Transport d\u2019\u00e9quipement et ou d\u2019effets personnels \u00e0 bord de l\u2019autobus<\/a><\/li>\n<li><a href=\"\/wp-content\/uploads\/2019\/08\/GT040-Transport-pour-les-cours-dete.pdf\" target=\"_blank\" rel=\"noopener noreferrer\">GT040 Transport pour les cours d&#8217;\u00e9t\u00e9<\/a><\/li>\n<\/ul>\n<p>[\/et_pb_text][\/et_pb_column][\/et_pb_row][\/et_pb_section]<\/p>\n","protected":false},"excerpt":{"rendered":"<p>[et_pb_section fb_built=&#8221;1&#8243; admin_label=&#8221;Hero section&#8221; _builder_version=&#8221;3.29.3&#8243; use_background_color_gradient=&#8221;on&#8221; background_color_gradient_start=&#8221;rgba(150,105,97,0.67)&#8221; background_color_gradient_end=&#8221;rgba(2,0,76,0.84)&#8221; background_color_gradient_overlays_image=&#8221;on&#8221; background_image=&#8221;https:\/\/francobus.ca\/wp-content\/uploads\/2020\/02\/shutterstock_314871770-scaled.jpg&#8221; custom_margin=&#8221;|||&#8221; custom_padding=&#8221;1.8%||6.5%|||&#8221;][et_pb_row _builder_version=&#8221;3.25&#8243; custom_margin=&#8221;|||&#8221;][et_pb_column type=&#8221;4_4&#8243; _builder_version=&#8221;3.25&#8243; custom_padding=&#8221;1px|||&#8221; custom_padding__hover=&#8221;|||&#8221;][et_pb_text _builder_version=&#8221;3.27.4&#8243; text_font=&#8221;Lato||||||||&#8221; text_font_size=&#8221;20px&#8221; text_line_height=&#8221;1.8em&#8221; header_font=&#8221;Lato|900|||||||&#8221; header_font_size=&#8221;80px&#8221; header_letter_spacing=&#8221;2px&#8221; header_line_height=&#8221;1.2em&#8221; background_layout=&#8221;dark&#8221; custom_margin=&#8221;||40px|&#8221; animation_style=&#8221;fold&#8221; header_font_size_tablet=&#8221;46px&#8221; header_font_size_phone=&#8221;&#8221; header_font_size_last_edited=&#8221;on|tablet&#8221;] Proc\u00e9dures Voici la liste des proc\u00e9dures adopt\u00e9es par le Service de transport Francobus. En cliquant sur le titre de chacune d&#8217;entre elles, il [&hellip;]<\/p>\n","protected":false},"author":1,"featured_media":0,"parent":0,"menu_order":0,"comment_status":"closed","ping_status":"closed","template":"","meta":{"_et_pb_use_builder":"on","_et_pb_old_content":"<!-- wp:divi\/placeholder \/-->","_et_gb_content_width":""},"_links":{"self":[{"href":"https:\/\/francobus.ca\/index.php\/wp-json\/wp\/v2\/pages\/70"}],"collection":[{"href":"https:\/\/francobus.ca\/index.php\/wp-json\/wp\/v2\/pages"}],"about":[{"href":"https:\/\/francobus.ca\/index.php\/wp-json\/wp\/v2\/types\/page"}],"author":[{"embeddable":true,"href":"https:\/\/francobus.ca\/index.php\/wp-json\/wp\/v2\/users\/1"}],"replies":[{"embeddable":true,"href":"https:\/\/francobus.ca\/index.php\/wp-json\/wp\/v2\/comments?post=70"}],"version-history":[{"count":23,"href":"https:\/\/francobus.ca\/index.php\/wp-json\/wp\/v2\/pages\/70\/revisions"}],"predecessor-version":[{"id":1367,"href":"https:\/\/francobus.ca\/index.php\/wp-json\/wp\/v2\/pages\/70\/revisions\/1367"}],"wp:attachment":[{"href":"https:\/\/francobus.ca\/index.php\/wp-json\/wp\/v2\/media?parent=70"}],"curies":[{"name":"wp","href":"https:\/\/api.w.org\/{rel}","templated":true}]}}